ime factors of 689290.
2, 5, 7, 43, 229
What are the prime factors of 6620538?
2, 3, 43, 67, 383
List the prime factors of 1332752.
2, 31, 2687
What are the prime factors of 2858496?
2, 3, 1861
List the prime factors of 456950.
2, 5, 13, 19, 37
List the prime factors of 920898.
2, 3, 11, 4651
List the prime factors of 243507.
3, 11, 47, 157
What are the prime factors of 6604031?
7, 197, 4789
What are the prime factors of 1292148?
2, 3, 11, 13, 251
What are the prime factors of 3813098?
2, 1019, 1871
List the prime factors of 23814279.
3, 67, 73, 541
List the prime factors of 8346906.
2, 3, 463717
What are the prime factors of 294098?
2, 7, 3001
What are the prime factors of 11452685?
5, 2290537
What are the prime factors of 87029?
29, 3001
What are the prime factors of 976772?
2, 113, 2161
What are the prime factors of 212160?
2, 3, 5, 13, 17
List the prime factors of 429132.
2, 3, 11, 3251
List the prime factors of 623040.
2, 3, 5, 11, 59
List the prime factors of 2085520.
2, 5, 131, 199
List the prime factors of 389813.
59, 6607
What are the prime factors of 1211353?
11, 13, 43, 197
What are the prime factors of 81533?
81533
What are the prime factors of 190849?
29, 6581
What are the prime factors of 473376?
2, 3, 4931
What are the prime factors of 1080096?
2, 3, 11251
List the prime factors of 12259966.
2, 23, 266521
What are the prime factors of 15524834?
2, 13, 367, 1627
What are the prime factors of 1031514?
2, 3, 11, 15629
List the prime factors of 22802644.
2, 17, 71, 4723
What are the prime factors of 435143?
435143
What are the prime factors of 2375917?
2375917
What are the prime factors of 271682?
2, 135841
List the prime factors of 18896600.
2, 5, 94483
What are the prime factors of 12613859?
131, 96289
List the prime factors of 2055610.
2, 5, 19, 31, 349
List the prime factors of 15450882.
2, 3, 2575147
List the prime factors of 668396.
2, 167099
What are the prime factors of 212170?
2, 5, 7, 433
List the prime factors of 2624160.
2, 3, 5, 7, 11, 71
List the prime factors of 5786873.
331, 17483
What are the prime factors of 6710462?
2, 11, 305021
What are the prime factors of 490458?
2, 3, 43, 1901
List the prime factors of 2228420.
2, 5, 67, 1663
List the prime factors of 512156.
2, 61, 2099
What are the prime factors of 2875982?
2, 1437991
List the prime factors of 855470.
2, 5, 7, 11, 101
What are the prime factors of 1228563?
3, 7, 19501
List the prime factors of 687453.
3, 13, 17627
List the prime factors of 5016662.
2, 7, 53, 6761
List the prime factors of 29216.
2, 11, 83
List the prime factors of 339665.
5, 67933
List the prime factors of 16959754.
2, 7, 1211411
List the prime factors of 2845.
5, 569
What are the prime factors of 642785?
5, 11, 13, 29, 31
List the prime factors of 7931376.
2, 3, 55079
What are the prime factors of 10408?
2, 1301
What are the prime factors of 1058529?
3, 23, 29
List the prime factors of 1996939.
7, 17, 97, 173
List the prime factors of 204322.
2, 102161
List the prime factors of 8978554.
2, 13, 345329
List the prime factors of 8508969.
3, 7, 43, 349
What are the prime factors of 734945?
5, 146989
List the prime factors of 5186828.
2, 41, 31627
List the prime factors of 242609.
37, 79, 83
What are the prime factors of 3238828?
2, 809707
List the prime factors of 10870875.
3, 5, 3221
What are the prime factors of 3190439?
7, 65111
What are the prime factors of 730528?
2, 37, 617
List the prime factors of 888292.
2, 222073
List the prime factors of 954342.
2, 3, 43, 137
List the prime factors of 765836.
2, 191459
List the prime factors of 18061208.
2, 11, 17, 12073
List the prime factors of 130820.
2, 5, 31, 211
What are the prime factors of 542459?
457, 1187
List the prime factors of 54878.
2, 23, 1193
What are the prime factors of 418929?
3, 7, 19949
List the prime factors of 578253.
3, 13, 14827
List the prime factors of 21003940.
2, 5, 1050197
List the prime factors of 797004.
2, 3, 13, 131
List the prime factors of 7643490.
2, 3, 5, 254783
What are the prime factors of 154882?
2, 7, 13, 23, 37
What are the prime factors of 261947?
7, 23, 1627
List the prime factors of 3695648.
2, 11, 10499
List the prime factors of 5782020.
2, 3, 5, 29, 3323
What are the prime factors of 69597?
3, 11, 19, 37
List the prime factors of 897307.
897307
What are the prime factors of 172093?
172093
List the prime factors of 2154607.
7, 13, 23677
List the prime factors of 620508.
2, 3, 7, 83, 89
List the prime factors of 4668877.
4668877
List the prime factors of 1483938.
2, 3, 19, 4339
List the prime factors of 140904.
2, 3, 19, 103
What are the prime factors of 22352865?
3, 5, 853, 1747
What are the prime factors of 9310557?
3, 89, 34871
What are the prime factors of 350654?
2, 175327
What are the prime factors of 3758186?
2, 73, 25741
What are the prime factors of 3854762?
2, 191, 10091
What are the prime factors of 3103599?
3, 211, 4903
What are the prime factors of 152176?
2, 9511
List the prime factors of 1282762.
2, 13, 103, 479
What are the prime factors of 1763197?
401, 4397
What are the prime factors of 39910?
2, 5, 13, 307
What are the prime factors of 2488215?
3, 5, 31, 5351
What are the prime factors of 17487904?
2, 7, 19, 587
What are the prime factors of 11018509?
269, 40961
List the prime factors of 1842651.
3, 53, 3863
What are the prime factors of 9594184?
2, 229, 5237
What are the prime factors of 118925?
5, 67, 71
What are the prime factors of 1647390?
2, 3, 5, 89, 617
List the prime factors of 467691.
3, 7, 22271
List the prime factors of 1643508.
2, 3, 71, 643
List the prime factors of 623601.
3, 11, 6299
List the prime factors of 7041154.
2, 31, 113567
List the prime factors of 3956524.
2, 11, 13, 6917
List the prime factors of 9985198.
2, 827, 6037
What are the prime factors of 637509?
3, 41, 71, 73
List the prime factors of 14349384.
2, 3, 7, 71, 401
What are the prime factors of 448753?
23, 109, 179
List the prime factors of 2562800.
2, 5, 43, 149
List the prime factors of 1707048.
2, 3, 7, 1129
List the prime factors of 8593810.
2, 5, 859381
What are the prime factors of 26164100?
2, 5, 261641
List the prime factors of 190531.
11, 17321
List the prime factors of 715644.
2, 3, 103, 193
List the prime factors of 3998550.
2, 3, 5, 19, 23, 61
List the prime factors of 971053.
971053
List the prime factors of 17612735.
5, 7, 107, 4703
What are the prime factors of 215180?
2, 5, 7, 29, 53
What are the prime factors of 11495?
5, 11, 19
What are the prime factors of 1023052?
2, 255763
What are the prime factors of 13949613?
3, 1549957
List the prime factors of 18658754.
2, 9329377
List the prime factors of 1018074.
2, 3, 29, 5851
List the prime factors of 5787514.
2, 17, 19, 31
What are the prime factors of 118754?
2, 59377
What are the prime factors of 7709533?
13, 593041
List the prime factors of 3345500.
2, 5, 6691
List the prime factors of 274620.
2, 3, 5, 23, 199
What are the prime factors of 79334?
2, 39667
List the prime factors of 16749120.
2, 3, 5, 73, 239
What are the prime factors of 607694?
2, 311, 977
List the prime factors of 6741166.
2, 29, 71, 1637
List the prime factors of 32755354.
2, 19, 191, 4513
What are the prime factors of 171905?
5, 34381
What are the prime factors of 94033?
94033
What are the prime factors of 2613248?
2, 11, 29
List the prime factors of 1033239.
3, 19, 18127
What are the prime factors of 1938459?
3, 17, 191, 199
What are the prime factors of 14267226?
2, 3, 47, 50593
What are the prime factors of 9679191?
3, 3226397
What are the prime factors of 34001315?
5, 1489, 4567
What are the prime factors of 7917363?
3, 879707
List the prime factors of 2825075.
5, 11, 10273
What are the prime factors of 707114?
2, 353557
What are the prime factors of 2845641?
3, 948547
List the prime factors of 180033.
3, 7, 8573
What are the prime factors of 8583338?
2, 89, 48221
List the prime factors of 88385.
5, 11, 1607
List the prime factors of 227488.
2, 7109
What are the prime factors of 914010?
2, 3, 5, 30467
What are the prime factors of 21059311?
7, 13, 17, 13613
What are the prime factors of 17758691?
23, 31, 24907
What are the prime factors of 850182?
2, 3, 141697
What are the prime factors of 374193?
3, 13859
List the prime factors of 444821.
13, 34217
What ar